) = -p**2 + 192*p - 8965. Give y(48).
-2053
Let b(n) = -197*n**2 + 3148*n - 12571. Determine b(8).
5
Let u(w) = -w**3 + 65*w**2 + 1346*w - 4046. Calculate u(81).
4
Let a(h) = -6869*h + 111. What is a(0)?
111
Let l(k) = -k**2 - 160*k - 3675. Give l(-101).
2284
Let a(v) = 1210*v + 68995. What is a(-57)?
25
Let l(k) = -k**3 - 272*k**2 + 229510*k + 1259. Calculate l(-634).
-9
Let b(t) = 1735*t**2 - 22552*t - 48. Determine b(13).
-9
Let t(g) = -2*g**2 - 217*g - 2996. Calculate t(-82).
1350
Let a(l) = 222*l**2 + 51*l + 71. What is a(-3)?
1916
Let u(m) = m**3 + 12*m**2 + 19*m - 75. What is u(-11)?
-163
Let q(p) = p**2 + 75*p + 1102. What is q(-46)?
-232
Let t(v) = -156*v - 4626. Calculate t(-34).
678
Let p(s) = -598*s - 23926. Calculate p(-40).
-6
Let l(p) = -p**2 - 613*p - 70680. Determine l(-459).
6
Let y(h) = -h**3 - h**2 - 64*h - 164. What is y(-4)?
140
Let i(w) = 2*w**2 - 597*w + 34705. Determine i(79).
24
Let a(s) = -s**2 - 92*s + 8979. Calculate a(59).
70
Let b(m) = 6*m**3 - 18*m**2 - 330*m + 724. Give b(2).
40
Let b(m) = -137*m**3 + 12*m**2 + 37*m + 43. Give b(-3).
3739
Let j(n) = -15*n**2 - 760*n + 15918. What is j(16)?
-82
Let y(n) = 132*n**2 - 9774*n + 119. What is y(74)?
-325
Let v(z) = -z**3 - 47*z**2 + 149*z + 332. Calculate v(-50).
382
Let m(h) = -h**3 - 336*h**2 - 4814*h + 329. Give m(-321).
8
Let s(w) = -1559*w - 8799. What is s(-6)?
555
Let x(j) = -316384*j - 17084730. Calculate x(-54).
6
Let v(f) = 105*f**2 - 5668*f - 84. Give v(54).
24
Let a(h) = -40*h**3 + 441*h**2 + 15*h + 28. What is a(11)?
314
Let w(l) = l**3 - 140*l**2 + 3938*l + 49. Determine w(39).
10
Let m(k) = -5276*k - 390579. Give m(-74).
-155
Let u(t) = t**3 + 11*t**2 - 50870*t - 203589. Calculate u(-4).
3
Let v(m) = -28*m**2 + 786*m - 131. Calculate v(28).
-75
Let t(s) = -623*s - 16542. Give t(-26).
-344
Let v(o) = -11*o**3 - 13*o**2 - 308*o - 971. Determine v(-3).
133
Let f(w) = 2039*w + 8647. What is f(-4)?
491
Let f(k) = k**3 - 679*k**2 + 112284*k + 2368. Determine f(394).
4
Let w(u) = -4*u**2 + 214*u + 135. What is w(54)?
27
Let c(d) = -d**2 - 1531*d + 401072. What is c(228)?
20
Let p(r) = r**3 + 5205*r**2 + 232201*r + 47. Calculate p(-45).
2
Let r(x) = 1841*x + 119690. What is r(-65)?
25
Let w(d) = d**3 - 30*d**2 + 21*d + 685. Give w(0).
685
Let k(v) = -950*v**3 + 38003*v**2 - 121*v + 52. What is k(40)?
12
Let b(d) = -447*d - 10418. Give b(-22).
-584
Let b(l) = 2*l**3 - 94*l**2 - 281*l - 959. Calculate b(50).
-9
Let m(g) = -17*g**2 - 50*g + 305. Calculate m(-4).
233
Let m(q) = -4*q**2 - 667*q - 25280. What is m(-58)?
-50
Let a(r) = -46*r**2 - 15368*r - 2145. Give a(-334).
-809
Let m(q) = -1094*q + 76788. What is m(70)?
208
Let s(m) = -33387*m + 2203548. Calculate s(66).
6
Let b(x) = 3*x**2 - 146*x + 384. What is b(27)?
-1371
Let k(v) = 571*v**2 + 17*v - 19. Give k(-2).
2231
Let d(x) = -27047*x + 324370. Determine d(12).
-194
Let m(h) = -5*h**3 - 98*h**2 + 24*h - 168. What is m(-20)?
152
Let c(b) = b**2 - 109*b + 2371. Determine c(41).
-417
Let g(r) = 15*r**3 + 461*r**2 + 309*r - 818. Determine g(-30).
-188
Let c(o) = -2*o**2 - 63*o - 202. What is c(-30)?
-112
Let z(n) = -25468*n**2 - 2292111*n + 812. Calculate z(-90).
2
Let z(f) = -566*f - 237015. Calculate z(-420).
705
Let o(q) = -1042*q + 169786. Determine o(163).
-60
Let l(j) = 2*j**3 - 290*j**2 + 319*j - 4458. Give l(144).
6
Let x(b) = -6799*b**3 - 6553*b**2 + 3*b + 2. What is x(-1)?
245
Let r(v) = v**3 + 75*v**2 + 4063*v + 54664. Calculate r(-18).
-2
Let n(a) = 67888*a - 271549. What is n(4)?
3
Let f(b) = 657*b + 122843. Calculate f(-187).
-16
Let f(w) = -11*w**2 + 1405*w + 1858. Determine f(129).
52
Let b(q) = 8942*q**2 + 491808*q - 106. Calculate b(-55).
4
Let v(i) = -i**3 - 792*i**2 + 2460*i + 692382. Determine v(-794).
14
Let t(k) = 27*k**2 + 2622*k + 22. Calculate t(-97).
-269
Let u(k) = k**3 - 70*k**2 - 62*k - 969. Give u(71).
-330
Let b(x) = -112*x**2 - 114*x + 330. Give b(3).
-1020
Let d(g) = -37806*g + 1361030. Determine d(36).
14
Let m(v) = 106*v**2 - 6189*v - 18545. What is m(-3)?
976
Let v(k) = 2*k**2 - 17403*k - 104496. Calculate v(-6).
-6
Let c(j) = -107*j**2 - 832*j - 1. What is c(-7)?
580
Let p(c) = -2*c**3 - 7*c**2 + 319*c - 400. Give p(-15).
-10
Let s(n) = 3338*n - 16585. Calculate s(5).
105
Let h(o) = -10589*o + 603558. What is h(57)?
-15
Let o(t) = 2658*t + 6449. Determine o(-3).
-1525
Let z(c) = -c**3 + 81*c**2 + 414*c - 13707. Give z(84).
-99
Let p(x) = -x**3 + 2245*x**2 + 13444*x - 379. Give p(-6).
-7
Let l(t) = -t**2 + 985*t - 150058. Give l(188).
-222
Let s(d) = -d**2 - 30*d + 83128. What is s(-304)?
-168
Let c(v) = -68*v**2 + 17893*v - 2364. Calculate c(263).
3
Let n(o) = 10*o**2 + 1675*o + 2394. Give n(-165).
-1731
Let d(a) = 11209*a - 347472. Give d(31).
7
Let x(y) = -374*y**2 - 5690*y - 9. Give x(-15).
1191
Let x(f) = -f**3 - 175*f**2 + 6406*f + 4189. Give x(-206).
69
Let j(y) = -19013*y - 703482. What is j(-37)?
-1
Let o(h) = -34651*h + 519524. Calculate o(15).
-241
Let j(m) = 64280*m - 64158. What is j(1)?
122
Let w(f) = 3*f**2 - 414*f + 11460. What is w(39)?
-123
Let w(y) = 2*y**2 + 3352*y - 37474072. Give w(3571).
2
Let v(u) = 26*u**2 + 2287*u - 120227. Calculate v(37).
-14
Let s(o) = 19252*o**2 + 19264*o - 2. Calculate s(-1).
-14
Let i(v) = -141818*v + 425375. Calculate i(3).
-79
Let z(b) = -631*b**3 - b**2 + 1004*b + 1004. Determine z(-1).
630
Let v(b) = -7695*b - 1700394. Give v(-221).
201
Let k(u) = 354*u**2 + 2832*u - 4. Give k(-8).
-4
Let w(k) = -k**2 - 938*k + 2823. Calculate w(3).
0
Let j(i) = 17*i**3 - 230*i**2 - 174*i + 871. Determine j(14).
3
Let c(b) = 26*b**3 + 18279*b**2 + 708*b + 3325. What is c(-703)?
-190
Let f(p) = -4*p**3 - 124*p**2 + 2*p + 26. What is f(-31)?
-36
Let a(t) = 84*t - 12144. What is a(128)?
-1392
Let r(b) = 86*b**2 + 13322*b - 1270. What is r(-155)?
-30
Let u(g) = -70*g**3 - g**2 + 7*g + 18. Determine u(-2).
560
Let r(b) = -b**3 - 19*b**2 + 370*b - 51. Determine r(-31).
11
Let u(a) = -428*a - 839. What is u(-2)?
17
Let v(l) = -4*l**2 - 38391*l + 38390. What is v(1)?
-5
Let o(p) = p**2 - 9816*p - 275628. Give o(-28).
4
Let k(s) = -8919*s - 62158. Calculate k(-7).
275
Let v(h) = -14*h**2 - 755*h + 810. What is v(-55)?
-15
Let g(o) = 29412*o + 411764. Give g(-14).
-4
Let s(t) = 17*t**3 + 327*t**2 + 74*t + 84. Calculate s(-19).
122
Let n(v) = 7*v**3 - 969*v**2 - 563*v + 935. What is n(139)?
-38
Let w(s) = -379*s - 32576. Give w(-86).
18
Let n(o) = -934*o - 17635. Determine n(-19).
111
Let k(n) = -n**3 - 72*n**2 - 324*n + 6354. Determine k(-65).
-2161
Let k(h) = h**3 + 141*h**2 - 573*h + 1421. Give k(-145).
406
Let y(g) = -69*g**3 - 11*g**2 - 5*g - 3. Determine y(-1).
60
Let q(j) = 18*j**2 + 1221*j - 4898. Determine q(4).
274
Let g(w) = -987935*w - 8891397. Give g(-9).
18
Let u(g) = 352*g + 17213. Give u(-49).
-35
Let s(d) = d**3 + 444*d**2 - 23070*d + 3561. Calculate s(-491).
124
Let v(i) = -1107*i**2 + 28769*i + 220. Give v(26).
-118
Let b(q) = -24*q**2 - 10436*q + 52190. Calculate b(5).
-590
Let p(w) = 4*w**2 - 2060*w - 8232. Determine p(-4).
72
Let c(i) = -4*i**3 - 144*i**2 + 124*i - 622. Determine c(-37).
266
Let g(h) = -7*h**3 - 2144*h**2 - 1259*h - 197987. Give g(-306).
-5
Let h(y) = 2*y**3 + 2*y**2 + 137*y + 1560. What is h(-7)?
13
Let b(s) = -s**3 + 26*s**2 - 52*s - 523. Calculate b(23).
-132
Let w(o) = -248*o**2 - 324*o + 208. Give w(-4).
-2464
Let j(n) = 871*n**2 - 6132*n + 127. What is j(7)?
-118
Let r(n) = -5*n + 1241. Give r(-110).
1791
Let d(a) = -a**2 + 165*a - 2052. Calculate d(14).
62
Let d(g) = -2*g**3 - 64*g**2 + 1433*g + 45876. What is d(-32)?
20
Let s(i) = 1104*i - 44227. Calculate s(40).
-67
Let d(l) = 15465*l + 30757. Calculate d(-2).
-173
Let z(x) = 3987*x - 222674. Calculate z(56).
598
Let b(g) = -5844*g + 584328. What is b(100)?
-72
Let t(g) = 11*g**3 + 8*g**2 - 35*g + 54. Give t(3).
318
Let z(s) = 770*s**2 + 18111*s - 28473. Calculate z(-25).
2
Let j(n) = 834*n + 8351. What is j(-10)?
11
Let v(g) = -569*g**3 + 3*g**2 - 4*g - 1. Determine v(1).
-571
Let t(q) = 277*q - 6788. Calculate t(24).
-140
Let y(z) = -29616*z - 1865810. Give y(-63).
-2
Let a(w) = 3*w**3 + 68*w**2 - 3642*w + 282. Give a(-48).
-6
Let c(x) = -x**3 + 45*x**2 + 17*x - 574. Give c(46).
-1908
Let c(h) = -406*h - 23049. What is c(-56)?
-313
Let c(b) = 